f i?
2
Suppose f + 4 = 4*s, -5 = 2*f - 3*f + s. Suppose 0*g - 4*g = 3*q - 74, 4*g = f. Suppose 4*d + 2*j - q = 2, -6 = -d + j. List the prime factors of d.
2, 3
Let h be (1 - 0) + 4*3. Suppose h = -5*x + 78. What are the prime factors of 8 + -7 - x*-1?
2, 7
Suppose 54 - 12 = 3*i. What are the prime factors of i?
2, 7
Let t(q) = q**2 - 11*q. Let p be t(11). Suppose 5*r + g + p*g - 5 = 0, 4*g + 24 = 2*r. What are the prime factors of r?
2
Suppose 5*v - 116 - 49 = 0. List the prime factors of v.
3, 11
Let y be 2*7/(7/2). Let u be -10*(-6)/(-1 + y). What are the prime factors of 168/u - 6/15?
2
Let o = 27 - 51. Let d = o - -14. Let y(s) = -s**3 - 9*s**2 + 10*s + 12. List the prime factors of y(d).
2, 3
Suppose -4*f = -5*g + 520, g - 3*f + 104 = 2*g. What are the prime factors of g?
2, 13
Let b = -4 + 17. Suppose 4*z + 12 = 0, -3*z - b = 3*x - 64. Let m = x - 9. List the prime factors of m.
11
Suppose -3*p + p + 24 = 0. Let j be 8/p + 7/3. Suppose j*f = -4*g + 24, 8 = -f + 8*g - 4*g. List the prime factors of f.
2
Let y(u) = u**3 + 10. Let q be y(0). Suppose 4*j + 3*v = 111, -q = -5*v + 3*v. List the prime factors of j.
2, 3
List the prime factors of ((-2)/5)/(1/(-380)).
2, 19
Let s(w) = w**2 + 2*w - 3. Suppose -f = 2*f - 3. Let p be f/(2 + (-33)/15). List the prime factors of s(p).
2, 3
Let s = 759 + -411. List the prime factors of s.
2, 3, 29
Suppose 2*g - 5*k = g + 4, 2*g + 4 = 4*k. What are the prime factors of (-36)/g*4/6?
2
Suppose 0 = 3*n + 4*g + 7 - 0, -5*n = -4*g - 31. Let j(a) = a**2 - 2*a + 3. Let v be j(2). List the prime factors of n/(v/8) - 1.
7
What are the prime factors of 42/(-4)*48/(-18)?
2, 7
Let g be (-63)/6*(-8)/6. Let n = 32 - 10. Let f = n - g. List the prime factors of f.
2
List the prime factors of ((-3)/(-9))/(4/96).
2
Suppose 2*l - p = 0, l - p = -2*p. Let n = l + 0. Suppose s = -n*s + 4. What are the prime factors of s?
2
Let k(j) = 24*j - 50. What are the prime factors of k(8)?
2, 71
Suppose -4 = -2*r + 6. Suppose 211 = r*x - 2*p, 2*p + 56 = x - 3*p. List the prime factors of x.
41
List the prime factors of (-4)/6 - (-113)/3.
37
Suppose 5*q = 5*i - 20, -i = -3*i. Let p(n) be the second derivative of -n**4/12 - 5*n**3/6 + 3*n**2/2 + 3*n. What are the prime factors of p(q)?
7
Suppose 0 = -4*o - 2*k + 900, 714 = 5*o - 5*k - 381. List the prime factors of o.
223
Suppose 4 = -x + 3, -64 = 3*f + x. Let z be 1 + -2 + 2 - f. Let h = -11 + z. What are the prime factors of h?
11
Suppose -2 = -0*w - w, 5*w + 833 = -3*o. Let f = o + 147. What are the prime factors of (-2)/(-8) - f/8?
17
Let u(d) = -d**3 - 11*d**2 - 6. Let f be u(-11). Let l = 11 - f. List the prime factors of l.
17
Let g = 30 + -12. Suppose 0 = 3*v + g - 54. What are the prime factors of v?
2, 3
Let n be 1*-1 - (1 - -8). Let h = n + 20. What are the prime factors of h?
2, 5
Let k = 13 + 382. List the prime factors of k.
5, 79
Suppose -3*f - 6 + 15 = 0. What are the prime factors of f/(-9)*3*-9?
3
Let z(x) = -13*x + 22. What are the prime factors of z(-5)?
3, 29
Suppose -49 = -5*p - 4*o, o - 3*o + 2 = 0. Let m(x) = -10*x + 0 + p*x + 0 + 1. List the prime factors of m(-3).
2
Let b(i) = i**2 + i + 3. Let m be b(-3). Let u = m - -7. List the prime factors of u.
2
Let o(a) = a**2 + 5*a + 4. Let l = -3 - 2. What are the prime factors of o(l)?
2
Suppose 0 = 8*d - 3*d - 50. List the prime factors of d.
2, 5
Let b(i) = -2*i + 2. What are the prime factors of b(-7)?
2
Let g be -34*((-10)/4 - -2). Let o = -1 + g. Suppose 4*z = 16 + o. What are the prime factors of z?
2
Let h(s) = -7*s - 1. Let v(g) = -2 + g - 7*g + 0. Let p(q) = 5*h(q) - 6*v(q). What are the prime factors of p(5)?
2, 3
Let f(x) = -3*x + 8 - 1 + 2*x. Let y be f(6). Let n = 7 - y. List the prime factors of n.
2, 3
Let d(i) = i**2 - 2*i + 4. Suppose m - 2*m + 4 = 0. Let h = m + 0. List the prime factors of d(h).
2, 3
What are the prime factors of 2 + (33 - (-2 - -4))?
3, 11
Let j(t) = t + 8. Let w(p) = p + 7. Let q(m) = 5*j(m) - 6*w(m). Suppose 0 = -d - 5 - 0. List the prime factors of q(d).
3
Let c(l) = l + 17. Let u be c(-11). Let q = -4 + u. Suppose -v = -0*v - 5*p - 39, -q*p = -v + 24. What are the prime factors of v?
2, 7
Let k be -7 + 2 + (1 - 2). Let z = k - -9. Suppose -z*v + 80 = v. What are the prime factors of v?
2, 5
Let m(y) = -y - y**3 + 3 - 7*y**2 - y - y**2 + 5*y**2. List the prime factors of m(-3).
3
Let o(f) be the second derivative of f**7/2520 + f**5/60 + f**4/12 + 2*f. Let g(i) be the third derivative of o(i). List the prime factors of g(3).
11
Suppose 5*f - 62 = -3*v, 7*v = 3*v + 5*f + 36. Suppose 22 = -2*p - v. Let u = 32 + p. List the prime factors of u.
2, 7
Let d = -7 - -10. Let m(y) = -y + 7. What are the prime factors of m(d)?
2
Suppose -5*j + 200 + 50 = 0. List the prime factors of j.
2, 5
Suppose -2*i - 2 = w - 3*i, w + 2*i = -14. Let v = w + 4. What are the prime factors of (-2)/1*(v + -1)?
2, 3
Suppose -42 = -5*r + 33. What are the prime factors of -4*(-2)/8*r?
3, 5
Suppose 0 = 2*y - 0*y. Let x(c) = c**3 + c**2 + c + 5. What are the prime factors of x(y)?
5
Let g(n) = 3*n + 5. Suppose 4*b = 3*b + 15. List the prime factors of g(b).
2, 5
Suppose -2*z + 6*c + 16 = 4*c, -5*z + 4*c + 41 = 0. What are the prime factors of (-2)/z - (-816)/27?
2, 3, 5
Let t(k) be the first derivative of 11*k**3/3 + k**2/2 - k + 1. Suppose 0*d + 3*d + a - 1 = 0, 0 = -d - 4*a - 7. What are the prime factors of t(d)?
11
Let b be (2/3)/(2/3). Let u be 1/b - (6 - 7). Suppose o - 4*t - t - 25 = 0, u*o - t - 23 = 0. List the prime factors of o.
2, 5
Let o = 92 + -43. What are the prime factors of o?
7
Suppose 2*u - 30 = -3*u. Let l(i) = -2*i**2 + 3 - 3*i**2 + 3*i**3 - 6*i + 0*i**3 - 2*i**3. List the prime factors of l(u).
3
Suppose -5*s - 4 = -14. What are the prime factors of (3 + s + 25)/2?
3, 5
Suppose -5*z + 80 + 10 = 0. What are the prime factors of z?
2, 3
Suppose -6*l = -2*l. Suppose -i = -k + 2*i - 2, -4*k = i - 5. List the prime factors of 2 + k - (l - 2).
5
Suppose 4*i = -0*i + 64. Let x = i - -24. Suppose 0*h + x = 4*h. What are the prime factors of h?
2, 5
Suppose 4*x = -3*f + 70, 5*x - 11 = 5*f + 59. List the prime factors of x.
2
Let f be -3 - 2/(4/(-6)). Suppose 5*u - 10 = f, 0*u + 168 = 5*l - u. List the prime factors of l.
2, 17
Suppose h = -h + 4. Suppose 3*p = 2*w + h*w - 9, w - 2 = p. List the prime factors of w.
3
Suppose 0*k = 2*l + 5*k - 108, 4*k = -l + 54. What are the prime factors of l?
2, 3
Let a(w) = w**2 + 6*w - 10. Suppose -2*p = 2*b + 6, -4*p + 5*b - 40 = 2*b. Let x be a(p). Let z = x - -8. List the prime factors of z.
5
Suppose 0 = -4*g - v + 99, 4*v + 53 = 3*g - 7. Suppose 56 = -4*y - g. Let r = y - -29. List the prime factors of r.
3
Let d = 38 - 16. List the prime factors of d.
2, 11
Let d = 8 + -6. Suppose 0 = x + d*x - 36. What are the prime factors of x?
2, 3
Suppose 2*c = -c + 12. List the prime factors of c.
2
Let t(l) be the second derivative of -l**6/240 + l**5/40 - l**4/12 + 2*l. Let i(s) be the third derivative of t(s). List the prime factors of i(-3).
2, 3
Let t(a) = -a**3 - 9*a**2 + 9*a + 2. Let w be t(-10). List the prime factors of (-3)/w + 57/4.
2, 7
Let q(g) = -g**2 - 22*g + 6. List the prime factors of q(-17).
7, 13
Suppose -m = 3*d - 79, 5*d = m + 186 - 57. List the prime factors of d.
2, 13
Let k(z) = -17*z + 4. What are the prime factors of k(-7)?
3, 41
Suppose -3*j - 2*j = 5. Let p be ((-2)/j)/(-2) - 8. What are the prime factors of (22/3)/((-6)/p)?
11
Let i(j) = j**2 + 8*j - 5. Let g be i(-7). List the prime factors of (-500)/g - 3/(-9).
2, 3, 7
Let f(p) = p**2 + p. Let r(h) = -6*h**2 - 4*h + 1. Let x(g) = -5*f(g) - r(g). Suppose -3 = 4*q + 3*c, 6*q + 24 = 3*q + 5*c. What are the prime factors of x(q)?
11
Suppose 2*c - 30 = 7*c - 4*m, 3 = -4*c - m. Let x(p) = -8*p. List the prime factors of x(c).
2
Let c(d) = d - 6. Let f = -10 - -15. Let x be c(f). List the prime factors of -3*(-1 + (x - -1)).
3
Let b(k) = -11*k - 11. List the prime factors of b(-4).
3, 11
Suppose 12*n = 17*n - 140. What are the prime factors of n?
2, 7
Let f = -20 + 35. Let g be 10/f*(18 + 0). Suppose -q + g = -2*l, -4*q - 2*l + 5*l = -43. List the prime factors of q.
2, 5
Suppose i = 0, f + 24 = 5*i - i. Suppose -10*s + 54 = -8*s. List the prime factors of 2*(-4)/(f/s).
3
Suppose -